and 90?
15
Let a be 1/(-2)*-2*-1. Let l be (a/(-2))/((-2)/12). Let n be (-30)/(l/6*4). Calculate the greatest common factor of 165 and n.
15
Let i = -2022 - -3320. What is the greatest common factor of 22 and i?
22
Suppose 0 = s + 1, 0 = 4*c - 2*s - 42 + 16. What is the highest common divisor of c and 384?
6
Suppose -2*c - 6 = 0, 18*w - 22*w + 4*c + 92 = 0. What is the highest common divisor of w and 15?
5
Let i(n) = 6*n**2 - 8*n + 11. Let x be i(2). Suppose -x + 523 = 6*r. Let u = -11 + 67. What is the highest common divisor of r and u?
28
Let g(k) = k**3 - 18*k**2 - 16*k - 33. Let l be g(19). What is the greatest common divisor of 18 and l?
6
Let n = 22 + 4. Suppose 0 = -8*b + 7*b + n. Suppose -196 = -4*x + 64. What is the greatest common factor of x and b?
13
Let b be (-1)/((35/(-7))/300). What is the greatest common divisor of b and 24?
12
Let p(v) = -4*v**3 - 6*v**2. Suppose 9 = -2*o + 1. Let r be p(o). Calculate the greatest common factor of 20 and r.
20
Let s(q) = 4*q**3 - q**2 - 2*q. Let f be s(-2). Let k be (508/(-10))/(((-72)/30)/(-6)). Let u = f - k. Calculate the highest common factor of u and 38.
19
Let i be 12*((-65)/(-39) - (-9)/(-6)). Suppose -22 = -b + 3*m, 0*m - 4*m = 0. Calculate the highest common factor of b and i.
2
Let h(z) = -z + 22. Let x be h(10). Suppose 5*i - 120 = 4*p, -p - 3*i - 90 = 2*p. Let c = p - -42. What is the greatest common factor of x and c?
12
Let m(p) = -p**3 + 6*p**2 - 4*p + 7. Suppose -6*x + 4*x + 10 = 0. Let b be m(x). Let v be 0 + (1 - -2) - -21. What is the greatest common divisor of v and b?
12
Let m(s) = -s**3 + 12*s**2 - 6*s + 5. Let l be m(11). Calculate the greatest common factor of 45 and l.
15
Let b be 232/32 - (-3)/(-12). Let q = b - -1. Calculate the highest common factor of 8 and q.
8
Suppose -8*c + 3*c = -60. Suppose 28 = 3*w + 4*w. Calculate the greatest common factor of w and c.
4
Suppose 0*i + 16 = -4*i, -2*s = 2*i - 334. What is the greatest common factor of s and 19?
19
Suppose -9 - 101 = -5*o. Let w be ((-16)/20)/((-2)/25). Let d be (o/w)/(6/30). Calculate the highest common factor of 99 and d.
11
Suppose 6*k - 28 = 4*k. Suppose -5*x - k = 26. Let h(j) = -j**2 - 12*j - 9. Let d be h(x). Calculate the highest common factor of 207 and d.
23
Let j be 765/10*(8 + (-476)/63). Let w be -214*1*(-4)/2. Suppose k + 0*k = -1, -3*k - w = -5*z. What is the highest common divisor of j and z?
17
Suppose 10 = 5*s - 2*z - 0, -4*s - 5*z - 25 = 0. Suppose s = 5*n - 119 + 29. Calculate the highest common divisor of 36 and n.
18
Let o be 1/7 - 377/(-203). Suppose 5*q = o*q + 12. What is the greatest common factor of 8 and q?
4
Let a be (11 - -15) + 1/(2/4). What is the highest common divisor of 1876 and a?
28
Let v be (-1 + (-12)/(-20))*(-456 + 1). Calculate the greatest common divisor of v and 14.
14
Let p = 12 + -16. Let r be 58*(p - -3)/(-1). What is the highest common divisor of r and 87?
29
Let u(l) = l**2 - 4*l + 10. Let s be u(6). Suppose 2*p + x + 23 = -11, -p - 3*x = 27. Let h be ((-5)/p)/(1/33). Calculate the greatest common factor of s and h.
11
Let s = 486 - 430. What is the highest common factor of 98 and s?
14
Suppose 33*j - 980 = 23*j. Calculate the highest common factor of 28 and j.
14
Let d = 9 + -4. Let c = 305 - 69. Let b be 2/d + c/10. Calculate the highest common divisor of 4 and b.
4
Suppose -228 = -7*a + 185. What is the greatest common factor of 295 and a?
59
Let v be 896 + (-42)/(-7) + -11. Calculate the highest common divisor of 162 and v.
81
Let s be 848/272 + (-4)/34. Suppose 2 = -s*w + 14. What is the greatest common divisor of 16 and w?
4
Let q be 1/(-6) - (-1393796)/408. What is the greatest common divisor of q and 56?
56
Let z = -1802 - -1847. Calculate the greatest common divisor of z and 255.
15
Suppose -2015 = -6*z - 25*z. What is the greatest common factor of 52 and z?
13
Suppose 5*q + 4*y = -5, -13 = 3*y + 2. What is the highest common factor of q and 87?
3
Suppose -o + 78 = -10. Let z(h) = 18*h + 2. Let j(y) = 17*y + 1. Let f(m) = 6*j(m) - 5*z(m). Let d be f(1). Calculate the greatest common factor of d and o.
8
Let z(c) = -c + 2. Let y be z(-2). Let d(x) = y*x - x**3 + 5*x**2 + 6*x - 9 - 6*x. Let b be d(5). What is the highest common factor of 11 and b?
11
Let s = -569 - -711. Calculate the highest common divisor of s and 497.
71
Let q be (3 + -111)*15/(-12). Suppose -2*b = b + 93. Let z = q + b. Calculate the greatest common divisor of z and 13.
13
Let k(r) = -2*r**2 - 37*r - 62. Let z be k(-14). What is the highest common factor of z and 592?
16
Let c(u) = -4*u + 49. Let j be c(12). Let i be 6 + -4*(-2 - -1)*j. Calculate the greatest common factor of i and 8.
2
Let j be -2 + 328/8 + -4. What is the highest common factor of j and 49?
7
Let z = -360 + 1035. Calculate the greatest common divisor of z and 9.
9
Suppose 0 = 22*m - 7*m + 600. Let s be ((-10)/6)/(m/432). Calculate the highest common factor of s and 27.
9
Suppose -9*m = 88 - 250. Suppose 3*u = -2*u - x + 71, -u = 4*x - m. What is the highest common divisor of 14 and u?
14
Suppose 5*t - 175 = -0. What is the highest common divisor of 7 and t?
7
Let n = 6 - 9. Let s be n + 3 + (-2 + 2 - -12). Calculate the highest common divisor of s and 8.
4
Let a = -28 - -18. Let i = a - -19. Suppose 0 = 4*m - 36 - 0. Calculate the highest common factor of m and i.
9
Suppose -8*a + 7*a = -58. Suppose -a - 86 = -3*w. Suppose -3*y = -8*y + 80. Calculate the greatest common divisor of w and y.
16
Let j be (5/2 - 0)/((-4)/(-72)). Calculate the highest common divisor of 30 and j.
15
Suppose 0 = 2*a - s + 13, 0*s + 5*s = -3*a + 13. Let m be -42*-2*a/(-16). What is the highest common factor of 7 and m?
7
Suppose -45*h + 8320 = 20*h. What is the highest common factor of 176 and h?
16
Suppose 3*t + o = -160, o + 1 = -0. Let v = -24 - t. Let n = -18 + 76. What is the greatest common factor of v and n?
29
Let q = -40 - -12. Let u be 247/(-26)*(-1)/((-2)/q). What is the highest common divisor of 19 and u?
19
Suppose 110*m - 109*m - 8 = 0. Suppose 4*c = -3*y + 69, 0*y - 2*y + 29 = -3*c. Suppose b = 51 - y. Calculate the greatest common divisor of m and b.
8
Let o(p) = -p**3 - 5*p**2 + 20*p - 4. Let n = 2 + -17. Let l be 4 + n + (-4)/(-2). Let u be o(l). What is the greatest common divisor of u and 28?
28
Let u(k) = -k**3 + 11*k**2 + 19*k + 40. Let h be u(10). Calculate the highest common divisor of h and 10.
10
Let d(a) = -2*a + 34. Let g(v) = -10*v + 170. Let s(w) = -14*d(w) + 3*g(w). Let k be s(-8). Calculate the highest common divisor of k and 250.
50
Let k = 93 + -91. Suppose -2*f + 5*q + 60 = 0, 0*q + k*q + 68 = 3*f. What is the highest common factor of 30 and f?
10
Let k = -908 - -920. What is the greatest common divisor of 492 and k?
12
Suppose -4*l + 104 = -2*k, 0*k - 4*k + 56 = 3*l. What is the highest common divisor of 192 and l?
24
Let b(v) = -v**3 + 5*v**2 - 1. Let l be b(3). Let k(q) = -22*q - 37. Let g be k(-4). What is the greatest common factor of l and g?
17
Let y be 50/6 + 44/66. Let d be ((0 - 1) + 0)*-2. Suppose 11 = d*g + 5*p, -3*g = 2*g + 3*p - 75. Calculate the greatest common factor of g and y.
9
Suppose 156 = -4*l + 3*v - 264, -2*v - 332 = 3*l. Let r = 120 + l. What is the highest common divisor of r and 6?
6
Suppose -8*p + 545 = -23. Let x = p - 64. What is the highest common factor of x and 1?
1
Let m(g) = 12*g**2 - 6. Let v be m(-2). Suppose 2*j - 2*d = d + v, -j = 5*d - 34. What is the greatest common divisor of j and 72?
24
Let q(x) = -13*x + 224. Let l be q(0). Calculate the greatest common factor of l and 14.
14
Let k(x) = x**3 + 13*x**2 + 12*x + 16. Let t be k(-12). Let g = 11 + 101. Calculate the highest common factor of g and t.
16
Let q(t) = t**2 - 14*t + 13. Let x be q(0). Let h(c) = 2*c**2 - c + 3. Let p = -12 + 8. Let a be h(p). What is the greatest common divisor of a and x?
13
Let x = 224 - 210. What is the highest common divisor of x and 63?
7
Suppose -26*g - 11*g + 11951 = 0. What is the greatest common divisor of g and 209?
19
Let c(o) = 143*o + 2. Let j be c(2). Let k be (-15)/(-40)*2*-144. Let a = k + j. Calculate the greatest common divisor of a and 20.
20
Let a be 285/36 - ((-497)/(-84) + -6). Calculate the highest common factor of a and 1448.
8
Suppose -j + 4*j = 21. Let c(z) = 